{"id":6,"date":"2023-06-10T18:02:46","date_gmt":"2023-06-10T18:02:46","guid":{"rendered":"https:\/\/www.pensjonat-domino.pl\/Home\/?page_id=6"},"modified":"2023-06-18T20:49:17","modified_gmt":"2023-06-18T20:49:17","slug":"pensjonat-domino-2","status":"publish","type":"page","link":"https:\/\/www.pensjonat-domino.pl\/Home\/","title":{"rendered":"Domino"},"content":{"rendered":"\n<p class=\"has-text-align-left has-medium-font-size\">Zapraszamy na wypoczynek nad Ba\u0142tykiem!<br>witamy serdecznie w Grzybowie<\/p>\n\n\n\n<p class=\"has-text-align-left has-medium-font-size\">Je\u015bli chcieliby\u015bcie Pa\u0144stwo mi\u0142o sp\u0119dzi\u0107 wakacje nad morzem, ju\u017c teraz zapraszamy do zapoznania si\u0119 z nasz\u0105 ofert\u0105.<\/p>\n\n\n\n<figure class=\"wp-block-image size-full\"><img loading=\"lazy\" decoding=\"async\" width=\"1000\" height=\"750\" src=\"https:\/\/www.pensjonat-domino.pl\/Home\/wp-content\/uploads\/2023\/06\/Domino.jpg\" alt=\"Domino.JPG\" class=\"wp-image-90\" srcset=\"https:\/\/www.pensjonat-domino.pl\/Home\/wp-content\/uploads\/2023\/06\/Domino.jpg 1000w, https:\/\/www.pensjonat-domino.pl\/Home\/wp-content\/uploads\/2023\/06\/Domino-300x225.jpg 300w, https:\/\/www.pensjonat-domino.pl\/Home\/wp-content\/uploads\/2023\/06\/Domino-768x576.jpg 768w\" sizes=\"auto, (max-width: 1000px) 100vw, 1000px\" \/><\/figure>\n","protected":false},"excerpt":{"rendered":"<p>Zapraszamy na wypoczynek nad Ba\u0142tykiem!witamy serdecznie w Grzybowie Je\u015bli chcieliby\u015bcie Pa\u0144stwo mi\u0142o sp\u0119dzi\u0107 wakacje nad morzem, ju\u017c teraz zapraszamy do zapoznania si\u0119 z nasz\u0105 ofert\u0105.<\/p>\n","protected":false},"author":1,"featured_media":90,"parent":0,"menu_order":0,"comment_status":"closed","ping_status":"closed","template":"","meta":{"footnotes":""},"class_list":["post-6","page","type-page","status-publish","has-post-thumbnail","czr-hentry"],"yoast_head":"<!-- This site is optimized with the Yoast SEO plugin v27.4 - https:\/\/yoast.com\/product\/yoast-seo-wordpress\/ -->\n<title>Domino - Pokoje go\u015bcinne Domino<\/title>\n<meta name=\"description\" content=\"Zapraszamy na wypoczynek nad Ba\u0142tykiem do Grzybowa. Oferujemy noclegi w przestronnych i nowocze\u015bnie urz\u0105dzonych pokojach.\" \/>\n<meta name=\"robots\" content=\"index, follow, max-snippet:-1, max-image-preview:large, max-video-preview:-1\" \/>\n<link rel=\"canonical\" href=\"https:\/\/www.pensjonat-domino.pl\/Home\/\" \/>\n<meta property=\"og:locale\" content=\"pl_PL\" \/>\n<meta property=\"og:type\" content=\"article\" \/>\n<meta property=\"og:title\" content=\"Domino - Pokoje go\u015bcinne Domino\" \/>\n<meta property=\"og:description\" content=\"Zapraszamy na wypoczynek nad Ba\u0142tykiem do Grzybowa. Oferujemy noclegi w przestronnych i nowocze\u015bnie urz\u0105dzonych pokojach.\" \/>\n<meta property=\"og:url\" content=\"https:\/\/www.pensjonat-domino.pl\/Home\/\" \/>\n<meta property=\"og:site_name\" content=\"Pokoje go\u015bcinne Domino\" \/>\n<meta property=\"article:publisher\" content=\"https:\/\/www.facebook.com\/people\/Pension-Domino\/100070412564789\" \/>\n<meta property=\"article:modified_time\" content=\"2023-06-18T20:49:17+00:00\" \/>\n<meta property=\"og:image\" content=\"https:\/\/www.pensjonat-domino.pl\/Home\/wp-content\/uploads\/2023\/06\/Domino.jpg\" \/>\n\t<meta property=\"og:image:width\" content=\"1000\" \/>\n\t<meta property=\"og:image:height\" content=\"750\" \/>\n\t<meta property=\"og:image:type\" content=\"image\/jpeg\" \/>\n<meta name=\"twitter:card\" content=\"summary_large_image\" \/>\n<meta name=\"twitter:label1\" content=\"Szacowany czas czytania\" \/>\n\t<meta name=\"twitter:data1\" content=\"1 minuta\" \/>\n<script type=\"application\/ld+json\" class=\"yoast-schema-graph\">{\"@context\":\"https:\\\/\\\/schema.org\",\"@graph\":[{\"@type\":\"AdvertiserContentArticle\",\"@id\":\"https:\\\/\\\/www.pensjonat-domino.pl\\\/Home\\\/#article\",\"isPartOf\":{\"@id\":\"https:\\\/\\\/www.pensjonat-domino.pl\\\/Home\\\/\"},\"author\":{\"name\":\"admin\",\"@id\":\"https:\\\/\\\/www.pensjonat-domino.pl\\\/Home\\\/#\\\/schema\\\/person\\\/f022828e72d8848e1b75969bef83b7b0\"},\"headline\":\"Domino\",\"datePublished\":\"2023-06-10T18:02:46+00:00\",\"dateModified\":\"2023-06-18T20:49:17+00:00\",\"mainEntityOfPage\":{\"@id\":\"https:\\\/\\\/www.pensjonat-domino.pl\\\/Home\\\/\"},\"wordCount\":33,\"publisher\":{\"@id\":\"https:\\\/\\\/www.pensjonat-domino.pl\\\/Home\\\/#organization\"},\"image\":{\"@id\":\"https:\\\/\\\/www.pensjonat-domino.pl\\\/Home\\\/#primaryimage\"},\"thumbnailUrl\":\"https:\\\/\\\/www.pensjonat-domino.pl\\\/Home\\\/wp-content\\\/uploads\\\/2023\\\/06\\\/Domino.jpg\",\"inLanguage\":\"pl-PL\"},{\"@type\":\"WebPage\",\"@id\":\"https:\\\/\\\/www.pensjonat-domino.pl\\\/Home\\\/\",\"url\":\"https:\\\/\\\/www.pensjonat-domino.pl\\\/Home\\\/\",\"name\":\"Domino - Pokoje go\u015bcinne Domino\",\"isPartOf\":{\"@id\":\"https:\\\/\\\/www.pensjonat-domino.pl\\\/Home\\\/#website\"},\"primaryImageOfPage\":{\"@id\":\"https:\\\/\\\/www.pensjonat-domino.pl\\\/Home\\\/#primaryimage\"},\"image\":{\"@id\":\"https:\\\/\\\/www.pensjonat-domino.pl\\\/Home\\\/#primaryimage\"},\"thumbnailUrl\":\"https:\\\/\\\/www.pensjonat-domino.pl\\\/Home\\\/wp-content\\\/uploads\\\/2023\\\/06\\\/Domino.jpg\",\"datePublished\":\"2023-06-10T18:02:46+00:00\",\"dateModified\":\"2023-06-18T20:49:17+00:00\",\"description\":\"Zapraszamy na wypoczynek nad Ba\u0142tykiem do Grzybowa. Oferujemy noclegi w przestronnych i nowocze\u015bnie urz\u0105dzonych pokojach.\",\"breadcrumb\":{\"@id\":\"https:\\\/\\\/www.pensjonat-domino.pl\\\/Home\\\/#breadcrumb\"},\"inLanguage\":\"pl-PL\",\"potentialAction\":[{\"@type\":\"ReadAction\",\"target\":[\"https:\\\/\\\/www.pensjonat-domino.pl\\\/Home\\\/\"]}]},{\"@type\":\"ImageObject\",\"inLanguage\":\"pl-PL\",\"@id\":\"https:\\\/\\\/www.pensjonat-domino.pl\\\/Home\\\/#primaryimage\",\"url\":\"https:\\\/\\\/www.pensjonat-domino.pl\\\/Home\\\/wp-content\\\/uploads\\\/2023\\\/06\\\/Domino.jpg\",\"contentUrl\":\"https:\\\/\\\/www.pensjonat-domino.pl\\\/Home\\\/wp-content\\\/uploads\\\/2023\\\/06\\\/Domino.jpg\",\"width\":1000,\"height\":750,\"caption\":\"Widiok na Domino\"},{\"@type\":\"BreadcrumbList\",\"@id\":\"https:\\\/\\\/www.pensjonat-domino.pl\\\/Home\\\/#breadcrumb\",\"itemListElement\":[{\"@type\":\"ListItem\",\"position\":1,\"name\":\"Strona g\u0142\u00f3wna\",\"item\":\"https:\\\/\\\/www.pensjonat-domino.pl\\\/Home\\\/\"},{\"@type\":\"ListItem\",\"position\":2,\"name\":\"Domino\"}]},{\"@type\":\"WebSite\",\"@id\":\"https:\\\/\\\/www.pensjonat-domino.pl\\\/Home\\\/#website\",\"url\":\"https:\\\/\\\/www.pensjonat-domino.pl\\\/Home\\\/\",\"name\":\"Pokoje go\u015bcinne Domino\",\"description\":\"Wczasy nad morzem\",\"publisher\":{\"@id\":\"https:\\\/\\\/www.pensjonat-domino.pl\\\/Home\\\/#organization\"},\"potentialAction\":[{\"@type\":\"SearchAction\",\"target\":{\"@type\":\"EntryPoint\",\"urlTemplate\":\"https:\\\/\\\/www.pensjonat-domino.pl\\\/Home\\\/?s={search_term_string}\"},\"query-input\":{\"@type\":\"PropertyValueSpecification\",\"valueRequired\":true,\"valueName\":\"search_term_string\"}}],\"inLanguage\":\"pl-PL\"},{\"@type\":\"Organization\",\"@id\":\"https:\\\/\\\/www.pensjonat-domino.pl\\\/Home\\\/#organization\",\"name\":\"Pokoje go\u015bcinne Domino\",\"url\":\"https:\\\/\\\/www.pensjonat-domino.pl\\\/Home\\\/\",\"logo\":{\"@type\":\"ImageObject\",\"inLanguage\":\"pl-PL\",\"@id\":\"https:\\\/\\\/www.pensjonat-domino.pl\\\/Home\\\/#\\\/schema\\\/logo\\\/image\\\/\",\"url\":\"https:\\\/\\\/www.pensjonat-domino.pl\\\/Home\\\/wp-content\\\/uploads\\\/2023\\\/06\\\/cropped-P1030915.jpg\",\"contentUrl\":\"https:\\\/\\\/www.pensjonat-domino.pl\\\/Home\\\/wp-content\\\/uploads\\\/2023\\\/06\\\/cropped-P1030915.jpg\",\"width\":622,\"height\":458,\"caption\":\"Pokoje go\u015bcinne Domino\"},\"image\":{\"@id\":\"https:\\\/\\\/www.pensjonat-domino.pl\\\/Home\\\/#\\\/schema\\\/logo\\\/image\\\/\"},\"sameAs\":[\"https:\\\/\\\/www.facebook.com\\\/people\\\/Pension-Domino\\\/100070412564789\",\"https:\\\/\\\/www.instagram.com\\\/domino_grzybowo\\\/\"]},{\"@type\":\"Person\",\"@id\":\"https:\\\/\\\/www.pensjonat-domino.pl\\\/Home\\\/#\\\/schema\\\/person\\\/f022828e72d8848e1b75969bef83b7b0\",\"name\":\"admin\",\"image\":{\"@type\":\"ImageObject\",\"inLanguage\":\"pl-PL\",\"@id\":\"https:\\\/\\\/secure.gravatar.com\\\/avatar\\\/7290f73f4511ac2189eff1600db0fd5ad43e0f90cd8be57bd24d434066c812fa?s=96&d=mm&r=g\",\"url\":\"https:\\\/\\\/secure.gravatar.com\\\/avatar\\\/7290f73f4511ac2189eff1600db0fd5ad43e0f90cd8be57bd24d434066c812fa?s=96&d=mm&r=g\",\"contentUrl\":\"https:\\\/\\\/secure.gravatar.com\\\/avatar\\\/7290f73f4511ac2189eff1600db0fd5ad43e0f90cd8be57bd24d434066c812fa?s=96&d=mm&r=g\",\"caption\":\"admin\"},\"sameAs\":[\"https:\\\/\\\/www.pensjonat-domino.pl\\\/Home\"],\"url\":\"https:\\\/\\\/www.pensjonat-domino.pl\\\/Home\\\/?author=1\"}]}<\/script>\n<!-- \/ Yoast SEO plugin. -->","yoast_head_json":{"title":"Domino - Pokoje go\u015bcinne Domino","description":"Zapraszamy na wypoczynek nad Ba\u0142tykiem do Grzybowa. Oferujemy noclegi w przestronnych i nowocze\u015bnie urz\u0105dzonych pokojach.","robots":{"index":"index","follow":"follow","max-snippet":"max-snippet:-1","max-image-preview":"max-image-preview:large","max-video-preview":"max-video-preview:-1"},"canonical":"https:\/\/www.pensjonat-domino.pl\/Home\/","og_locale":"pl_PL","og_type":"article","og_title":"Domino - Pokoje go\u015bcinne Domino","og_description":"Zapraszamy na wypoczynek nad Ba\u0142tykiem do Grzybowa. Oferujemy noclegi w przestronnych i nowocze\u015bnie urz\u0105dzonych pokojach.","og_url":"https:\/\/www.pensjonat-domino.pl\/Home\/","og_site_name":"Pokoje go\u015bcinne Domino","article_publisher":"https:\/\/www.facebook.com\/people\/Pension-Domino\/100070412564789","article_modified_time":"2023-06-18T20:49:17+00:00","og_image":[{"width":1000,"height":750,"url":"https:\/\/www.pensjonat-domino.pl\/Home\/wp-content\/uploads\/2023\/06\/Domino.jpg","type":"image\/jpeg"}],"twitter_card":"summary_large_image","twitter_misc":{"Szacowany czas czytania":"1 minuta"},"schema":{"@context":"https:\/\/schema.org","@graph":[{"@type":"AdvertiserContentArticle","@id":"https:\/\/www.pensjonat-domino.pl\/Home\/#article","isPartOf":{"@id":"https:\/\/www.pensjonat-domino.pl\/Home\/"},"author":{"name":"admin","@id":"https:\/\/www.pensjonat-domino.pl\/Home\/#\/schema\/person\/f022828e72d8848e1b75969bef83b7b0"},"headline":"Domino","datePublished":"2023-06-10T18:02:46+00:00","dateModified":"2023-06-18T20:49:17+00:00","mainEntityOfPage":{"@id":"https:\/\/www.pensjonat-domino.pl\/Home\/"},"wordCount":33,"publisher":{"@id":"https:\/\/www.pensjonat-domino.pl\/Home\/#organization"},"image":{"@id":"https:\/\/www.pensjonat-domino.pl\/Home\/#primaryimage"},"thumbnailUrl":"https:\/\/www.pensjonat-domino.pl\/Home\/wp-content\/uploads\/2023\/06\/Domino.jpg","inLanguage":"pl-PL"},{"@type":"WebPage","@id":"https:\/\/www.pensjonat-domino.pl\/Home\/","url":"https:\/\/www.pensjonat-domino.pl\/Home\/","name":"Domino - Pokoje go\u015bcinne Domino","isPartOf":{"@id":"https:\/\/www.pensjonat-domino.pl\/Home\/#website"},"primaryImageOfPage":{"@id":"https:\/\/www.pensjonat-domino.pl\/Home\/#primaryimage"},"image":{"@id":"https:\/\/www.pensjonat-domino.pl\/Home\/#primaryimage"},"thumbnailUrl":"https:\/\/www.pensjonat-domino.pl\/Home\/wp-content\/uploads\/2023\/06\/Domino.jpg","datePublished":"2023-06-10T18:02:46+00:00","dateModified":"2023-06-18T20:49:17+00:00","description":"Zapraszamy na wypoczynek nad Ba\u0142tykiem do Grzybowa. Oferujemy noclegi w przestronnych i nowocze\u015bnie urz\u0105dzonych pokojach.","breadcrumb":{"@id":"https:\/\/www.pensjonat-domino.pl\/Home\/#breadcrumb"},"inLanguage":"pl-PL","potentialAction":[{"@type":"ReadAction","target":["https:\/\/www.pensjonat-domino.pl\/Home\/"]}]},{"@type":"ImageObject","inLanguage":"pl-PL","@id":"https:\/\/www.pensjonat-domino.pl\/Home\/#primaryimage","url":"https:\/\/www.pensjonat-domino.pl\/Home\/wp-content\/uploads\/2023\/06\/Domino.jpg","contentUrl":"https:\/\/www.pensjonat-domino.pl\/Home\/wp-content\/uploads\/2023\/06\/Domino.jpg","width":1000,"height":750,"caption":"Widiok na Domino"},{"@type":"BreadcrumbList","@id":"https:\/\/www.pensjonat-domino.pl\/Home\/#breadcrumb","itemListElement":[{"@type":"ListItem","position":1,"name":"Strona g\u0142\u00f3wna","item":"https:\/\/www.pensjonat-domino.pl\/Home\/"},{"@type":"ListItem","position":2,"name":"Domino"}]},{"@type":"WebSite","@id":"https:\/\/www.pensjonat-domino.pl\/Home\/#website","url":"https:\/\/www.pensjonat-domino.pl\/Home\/","name":"Pokoje go\u015bcinne Domino","description":"Wczasy nad morzem","publisher":{"@id":"https:\/\/www.pensjonat-domino.pl\/Home\/#organization"},"potentialAction":[{"@type":"SearchAction","target":{"@type":"EntryPoint","urlTemplate":"https:\/\/www.pensjonat-domino.pl\/Home\/?s={search_term_string}"},"query-input":{"@type":"PropertyValueSpecification","valueRequired":true,"valueName":"search_term_string"}}],"inLanguage":"pl-PL"},{"@type":"Organization","@id":"https:\/\/www.pensjonat-domino.pl\/Home\/#organization","name":"Pokoje go\u015bcinne Domino","url":"https:\/\/www.pensjonat-domino.pl\/Home\/","logo":{"@type":"ImageObject","inLanguage":"pl-PL","@id":"https:\/\/www.pensjonat-domino.pl\/Home\/#\/schema\/logo\/image\/","url":"https:\/\/www.pensjonat-domino.pl\/Home\/wp-content\/uploads\/2023\/06\/cropped-P1030915.jpg","contentUrl":"https:\/\/www.pensjonat-domino.pl\/Home\/wp-content\/uploads\/2023\/06\/cropped-P1030915.jpg","width":622,"height":458,"caption":"Pokoje go\u015bcinne Domino"},"image":{"@id":"https:\/\/www.pensjonat-domino.pl\/Home\/#\/schema\/logo\/image\/"},"sameAs":["https:\/\/www.facebook.com\/people\/Pension-Domino\/100070412564789","https:\/\/www.instagram.com\/domino_grzybowo\/"]},{"@type":"Person","@id":"https:\/\/www.pensjonat-domino.pl\/Home\/#\/schema\/person\/f022828e72d8848e1b75969bef83b7b0","name":"admin","image":{"@type":"ImageObject","inLanguage":"pl-PL","@id":"https:\/\/secure.gravatar.com\/avatar\/7290f73f4511ac2189eff1600db0fd5ad43e0f90cd8be57bd24d434066c812fa?s=96&d=mm&r=g","url":"https:\/\/secure.gravatar.com\/avatar\/7290f73f4511ac2189eff1600db0fd5ad43e0f90cd8be57bd24d434066c812fa?s=96&d=mm&r=g","contentUrl":"https:\/\/secure.gravatar.com\/avatar\/7290f73f4511ac2189eff1600db0fd5ad43e0f90cd8be57bd24d434066c812fa?s=96&d=mm&r=g","caption":"admin"},"sameAs":["https:\/\/www.pensjonat-domino.pl\/Home"],"url":"https:\/\/www.pensjonat-domino.pl\/Home\/?author=1"}]}},"_links":{"self":[{"href":"https:\/\/www.pensjonat-domino.pl\/Home\/index.php?rest_route=\/wp\/v2\/pages\/6","targetHints":{"allow":["GET"]}}],"collection":[{"href":"https:\/\/www.pensjonat-domino.pl\/Home\/index.php?rest_route=\/wp\/v2\/pages"}],"about":[{"href":"https:\/\/www.pensjonat-domino.pl\/Home\/index.php?rest_route=\/wp\/v2\/types\/page"}],"author":[{"embeddable":true,"href":"https:\/\/www.pensjonat-domino.pl\/Home\/index.php?rest_route=\/wp\/v2\/users\/1"}],"replies":[{"embeddable":true,"href":"https:\/\/www.pensjonat-domino.pl\/Home\/index.php?rest_route=%2Fwp%2Fv2%2Fcomments&post=6"}],"version-history":[{"count":8,"href":"https:\/\/www.pensjonat-domino.pl\/Home\/index.php?rest_route=\/wp\/v2\/pages\/6\/revisions"}],"predecessor-version":[{"id":154,"href":"https:\/\/www.pensjonat-domino.pl\/Home\/index.php?rest_route=\/wp\/v2\/pages\/6\/revisions\/154"}],"wp:featuredmedia":[{"embeddable":true,"href":"https:\/\/www.pensjonat-domino.pl\/Home\/index.php?rest_route=\/wp\/v2\/media\/90"}],"wp:attachment":[{"href":"https:\/\/www.pensjonat-domino.pl\/Home\/index.php?rest_route=%2Fwp%2Fv2%2Fmedia&parent=6"}],"curies":[{"name":"wp","href":"https:\/\/api.w.org\/{rel}","templated":true}]}}